{"id":4202,"date":"2023-06-02T16:49:23","date_gmt":"2023-06-02T16:49:23","guid":{"rendered":"https:\/\/centroecuestrelasdehesillas.com\/?post_type=product&#038;p=4202"},"modified":"2023-06-02T16:49:23","modified_gmt":"2023-06-02T16:49:23","slug":"tihara","status":"publish","type":"product","link":"https:\/\/centroecuestrelasdehesillas.com\/index.php\/producto\/tihara\/","title":{"rendered":"Tihara"},"content":{"rendered":"<div class=\"group w-full text-gray-800 dark:text-gray-100 border-b border-black\/10 dark:border-gray-900\/50 bg-gray-50 dark:bg-[#444654]\">\n<div class=\"flex p-4 gap-4 text-base md:gap-6 md:max-w-2xl lg:max-w-xl xl:max-w-3xl md:py-6 lg:px-0 m-auto\">\n<div class=\"relative flex w-[calc(100%-50px)] flex-col gap-1 md:gap-3 lg:w-[calc(100%-115px)]\">\n<div class=\"flex flex-grow flex-col gap-3\">\n<div class=\"min-h-[20px] flex flex-col items-start gap-4 whitespace-pre-wrap break-words\">\n<div class=\"markdown prose w-full break-words dark:prose-invert light\">\n<p>Con una altura de 1,60 metros, Tihara posee una figura equilibrada y bien proporcionada, lo que le otorga una presencia imponente en cualquier entorno. Su f\u00edsico atl\u00e9tico y su car\u00e1cter animado le permiten enfrentar con determinaci\u00f3n los desaf\u00edos tanto en la Doma Cl\u00e1sica como en el Salto de Obst\u00e1culos.<\/p>\n<p>Tihara destaca en dos disciplinas principales: la Doma Cl\u00e1sica y el Salto de Obst\u00e1culos. En la Doma Cl\u00e1sica, se encuentra en el nivel 2, lo que indica su progreso y habilidades en la realizaci\u00f3n de movimientos y ejercicios espec\u00edficos. Muestra una buena disposici\u00f3n para aprender y mejorar en esta disciplina.<\/p>\n<p>En cuanto al Salto de Obst\u00e1culos, Tihara ha comenzado su carrera en un nivel de 0,70 metros. Aunque a\u00fan en una etapa inicial, demuestra una gran capacidad de salto y una t\u00e9cnica prometedora. Su disposici\u00f3n para enfrentar nuevos retos y su valent\u00eda hacen de Tihara un caballo emocionante de ver en la pista de saltos.<\/p>\n<p>A pesar de su juventud y nivel de experiencia, Tihara muestra un gran potencial en ambas disciplinas y tiene todas las caracter\u00edsticas necesarias para seguir progresando y alcanzar logros notables. Su energ\u00eda y entusiasmo son contagiosos, y su disposici\u00f3n para aprender y mejorar hacen de \u00e9l un compa\u00f1ero ideal para jinetes que buscan crecer junto a un caballo prometedor.<\/p>\n<p>En resumen, Tihara es un caballo encantador con una capa casta\u00f1a cautivadora. Su raza cruzada, su talento en la Doma Cl\u00e1sica y su crecimiento en el Salto de Obst\u00e1culos lo convierten en un caballo vers\u00e1til y emocionante. Su juventud y su disposici\u00f3n para enfrentar nuevos desaf\u00edos hacen de Tihara un caballo con un futuro prometedor en el mundo ecuestre.<\/p>\n<\/div>\n<\/div>\n<\/div>\n<div class=\"flex justify-between lg:block\">\n<div class=\"text-gray-400 flex self-end lg:self-center justify-center mt-2 gap-2 md:gap-3 lg:gap-1 lg:absolute lg:top-0 lg:translate-x-full lg:right-0 lg:mt-0 lg:pl-2 visible\"><button class=\"flex ml-auto gap-2 rounded-md p-1 hover:bg-gray-100 hover:text-gray-700 dark:text-gray-400 dark:hover:bg-gray-700 dark:hover:text-gray-200 disabled:dark:hover:text-gray-400\"><\/button><\/p>\n<div class=\"flex gap-1\"><\/div>\n<\/div>\n<\/div>\n<\/div>\n<\/div>\n<\/div>\n","protected":false},"excerpt":{"rendered":"<p>Tihara es un hermoso caballo de raza cruzada con una capa casta\u00f1a, que le confiere una apariencia elegante y distinguida. A pesar de su juventud, con tan solo 6 a\u00f1os de edad, Tihara muestra un gran potencial y una actitud en\u00e9rgica hacia su entrenamiento.<\/p>\n","protected":false},"featured_media":4203,"template":"","meta":{"_monsterinsights_skip_tracking":false,"_monsterinsights_sitenote_active":false,"_monsterinsights_sitenote_note":"","_monsterinsights_sitenote_category":0},"product_brand":[],"product_cat":[26],"product_tag":[],"class_list":{"0":"post-4202","1":"product","2":"type-product","3":"status-publish","4":"has-post-thumbnail","6":"product_cat-caballos","8":"first","9":"onbackorder","10":"sold-individually","11":"shipping-taxable","12":"product-type-simple"},"_links":{"self":[{"href":"https:\/\/centroecuestrelasdehesillas.com\/index.php\/wp-json\/wp\/v2\/product\/4202","targetHints":{"allow":["GET"]}}],"collection":[{"href":"https:\/\/centroecuestrelasdehesillas.com\/index.php\/wp-json\/wp\/v2\/product"}],"about":[{"href":"https:\/\/centroecuestrelasdehesillas.com\/index.php\/wp-json\/wp\/v2\/types\/product"}],"version-history":[{"count":1,"href":"https:\/\/centroecuestrelasdehesillas.com\/index.php\/wp-json\/wp\/v2\/product\/4202\/revisions"}],"predecessor-version":[{"id":4204,"href":"https:\/\/centroecuestrelasdehesillas.com\/index.php\/wp-json\/wp\/v2\/product\/4202\/revisions\/4204"}],"wp:featuredmedia":[{"embeddable":true,"href":"https:\/\/centroecuestrelasdehesillas.com\/index.php\/wp-json\/wp\/v2\/media\/4203"}],"wp:attachment":[{"href":"https:\/\/centroecuestrelasdehesillas.com\/index.php\/wp-json\/wp\/v2\/media?parent=4202"}],"wp:term":[{"taxonomy":"product_brand","embeddable":true,"href":"https:\/\/centroecuestrelasdehesillas.com\/index.php\/wp-json\/wp\/v2\/product_brand?post=4202"},{"taxonomy":"product_cat","embeddable":true,"href":"https:\/\/centroecuestrelasdehesillas.com\/index.php\/wp-json\/wp\/v2\/product_cat?post=4202"},{"taxonomy":"product_tag","embeddable":true,"href":"https:\/\/centroecuestrelasdehesillas.com\/index.php\/wp-json\/wp\/v2\/product_tag?post=4202"}],"curies":[{"name":"wp","href":"https:\/\/api.w.org\/{rel}","templated":true}]}}