{"id":4194,"date":"2023-06-02T09:16:39","date_gmt":"2023-06-02T09:16:39","guid":{"rendered":"https:\/\/centroecuestrelasdehesillas.com\/?post_type=product&#038;p=4194"},"modified":"2023-06-02T09:21:41","modified_gmt":"2023-06-02T09:21:41","slug":"caviar-pl","status":"publish","type":"product","link":"https:\/\/centroecuestrelasdehesillas.com\/index.php\/producto\/caviar-pl\/","title":{"rendered":"Caviar PL"},"content":{"rendered":"<div class=\"group w-full text-gray-800 dark:text-gray-100 border-b border-black\/10 dark:border-gray-900\/50 bg-gray-50 dark:bg-[#444654]\">\n<div class=\"flex p-4 gap-4 text-base md:gap-6 md:max-w-2xl lg:max-w-xl xl:max-w-3xl md:py-6 lg:px-0 m-auto\">\n<div class=\"relative flex w-[calc(100%-50px)] flex-col gap-1 md:gap-3 lg:w-[calc(100%-115px)]\">\n<div class=\"flex flex-grow flex-col gap-3\">\n<div class=\"min-h-[20px] flex flex-col items-start gap-4 whitespace-pre-wrap break-words\">\n<div class=\"markdown prose w-full break-words dark:prose-invert light\">\n<p>Con una altura de 1,60 metros, Caviar PL posee una figura impresionante y bien proporcionada, lo que le confiere una presencia imponente en cualquier entorno. Su f\u00edsico atl\u00e9tico y su car\u00e1cter en\u00e9rgico demuestran su disposici\u00f3n y capacidad para enfrentar los desaf\u00edos de la competici\u00f3n.<\/p>\n<p>La disciplina principal en la que se destaca Caviar PL es la Doma Cl\u00e1sica. A pesar de su nivel a\u00fan en desarrollo, se encuentra en el nivel 2, lo que indica su progreso constante y su compromiso con el entrenamiento. En esta disciplina, Caviar PL demuestra una gran predisposici\u00f3n para realizar los movimientos y ejercicios requeridos, mostrando una relaci\u00f3n armoniosa con su jinete.<\/p>\n<p>A pesar de su corta edad, Caviar PL ha demostrado su val\u00eda en competiciones, donde ha logrado destacarse y obtener resultados prometedores. Su actitud segura y su disposici\u00f3n para enfrentar nuevos desaf\u00edos hacen que sea un caballo emocionante de observar en la arena de competici\u00f3n.<\/p>\n<p>Aunque castrado, Caviar PL mantiene su pasi\u00f3n y determinaci\u00f3n en cada presentaci\u00f3n. Su energ\u00eda y voluntad de superaci\u00f3n son evidentes en su desempe\u00f1o, y su capacidad para mantener la concentraci\u00f3n en el entorno competitivo lo convierte en un verdadero competidor.<\/p>\n<p>En resumen, Caviar PL es un caballo joven con una capa alaz\u00e1n impresionante. Su raza cruzada, su prometedor potencial en la Doma Cl\u00e1sica y su participaci\u00f3n en competiciones a pesar de su corta edad lo convierten en un caballo emocionante y lleno de promesas en el mundo ecuestre.<\/p>\n<\/div>\n<\/div>\n<\/div>\n<div class=\"flex justify-between lg:block\">\n<div class=\"text-gray-400 flex self-end lg:self-center justify-center mt-2 gap-2 md:gap-3 lg:gap-1 lg:absolute lg:top-0 lg:translate-x-full lg:right-0 lg:mt-0 lg:pl-2 visible\"><\/div>\n<\/div>\n<\/div>\n<\/div>\n<\/div>\n","protected":false},"excerpt":{"rendered":"<p>Caviar PL es un magn\u00edfico caballo de raza cruzada con una capa alaz\u00e1n, lo que le brinda un aspecto elegante y llamativo. A pesar de su corta edad de 5 a\u00f1os, ya muestra un gran potencial y talento en el mundo de la equitaci\u00f3n.<\/p>\n","protected":false},"featured_media":4195,"template":"","meta":{"_monsterinsights_skip_tracking":false,"_monsterinsights_sitenote_active":false,"_monsterinsights_sitenote_note":"","_monsterinsights_sitenote_category":0},"product_brand":[],"product_cat":[26],"product_tag":[],"class_list":{"0":"post-4194","1":"product","2":"type-product","3":"status-publish","4":"has-post-thumbnail","6":"product_cat-caballos","8":"first","9":"onbackorder","10":"sold-individually","11":"shipping-taxable","12":"product-type-simple"},"_links":{"self":[{"href":"https:\/\/centroecuestrelasdehesillas.com\/index.php\/wp-json\/wp\/v2\/product\/4194","targetHints":{"allow":["GET"]}}],"collection":[{"href":"https:\/\/centroecuestrelasdehesillas.com\/index.php\/wp-json\/wp\/v2\/product"}],"about":[{"href":"https:\/\/centroecuestrelasdehesillas.com\/index.php\/wp-json\/wp\/v2\/types\/product"}],"version-history":[{"count":3,"href":"https:\/\/centroecuestrelasdehesillas.com\/index.php\/wp-json\/wp\/v2\/product\/4194\/revisions"}],"predecessor-version":[{"id":4198,"href":"https:\/\/centroecuestrelasdehesillas.com\/index.php\/wp-json\/wp\/v2\/product\/4194\/revisions\/4198"}],"wp:featuredmedia":[{"embeddable":true,"href":"https:\/\/centroecuestrelasdehesillas.com\/index.php\/wp-json\/wp\/v2\/media\/4195"}],"wp:attachment":[{"href":"https:\/\/centroecuestrelasdehesillas.com\/index.php\/wp-json\/wp\/v2\/media?parent=4194"}],"wp:term":[{"taxonomy":"product_brand","embeddable":true,"href":"https:\/\/centroecuestrelasdehesillas.com\/index.php\/wp-json\/wp\/v2\/product_brand?post=4194"},{"taxonomy":"product_cat","embeddable":true,"href":"https:\/\/centroecuestrelasdehesillas.com\/index.php\/wp-json\/wp\/v2\/product_cat?post=4194"},{"taxonomy":"product_tag","embeddable":true,"href":"https:\/\/centroecuestrelasdehesillas.com\/index.php\/wp-json\/wp\/v2\/product_tag?post=4194"}],"curies":[{"name":"wp","href":"https:\/\/api.w.org\/{rel}","templated":true}]}}