{"id":140,"date":"2023-05-11T18:37:07","date_gmt":"2023-05-11T18:37:07","guid":{"rendered":"https:\/\/centroecuestrelasdehesillas.com\/?page_id=140"},"modified":"2023-05-30T14:46:46","modified_gmt":"2023-05-30T14:46:46","slug":"competicion","status":"publish","type":"page","link":"https:\/\/centroecuestrelasdehesillas.com\/index.php\/servicios\/competicion\/","title":{"rendered":"COMPETICI\u00d3N"},"content":{"rendered":"\t\t<div data-elementor-type=\"wp-page\" data-elementor-id=\"140\" class=\"elementor elementor-140\">\n\t\t\t\t\t\t<section class=\"elementor-section elementor-top-section elementor-element elementor-element-0a7d47a elementor-section-boxed elementor-section-height-default elementor-section-height-default\" data-id=\"0a7d47a\" data-element_type=\"section\">\n\t\t\t\t\t\t<div class=\"elementor-container elementor-column-gap-default\">\n\t\t\t\t\t<div class=\"elementor-column elementor-col-100 elementor-top-column elementor-element elementor-element-f7cecde\" data-id=\"f7cecde\" data-element_type=\"column\">\n\t\t\t<div class=\"elementor-widget-wrap elementor-element-populated\">\n\t\t\t\t\t\t<div class=\"elementor-element elementor-element-1485b2a elementor-widget elementor-widget-heading\" data-id=\"1485b2a\" data-element_type=\"widget\" data-widget_type=\"heading.default\">\n\t\t\t\t<div class=\"elementor-widget-container\">\n\t\t\t\t\t<h2 class=\"elementor-heading-title elementor-size-default\"><h2 data-elementor-setting-key=\"title\" data-pen-placeholder=\"Teclea aqu\u00ed...\" style=\"font-style: normal;letter-spacing: normal\">Conoce los \u00faltimas noticias sobre concursos y competiciones <\/h2><\/h2>\t\t\t\t<\/div>\n\t\t\t\t<\/div>\n\t\t\t\t\t<\/div>\n\t\t<\/div>\n\t\t\t\t\t<\/div>\n\t\t<\/section>\n\t\t\t\t<section class=\"elementor-section elementor-top-section elementor-element elementor-element-b5be166 elementor-section-boxed elementor-section-height-default elementor-section-height-default\" data-id=\"b5be166\" data-element_type=\"section\">\n\t\t\t\t\t\t<div class=\"elementor-container elementor-column-gap-default\">\n\t\t\t\t\t<div class=\"elementor-column elementor-col-100 elementor-top-column elementor-element elementor-element-7c9dbd4\" data-id=\"7c9dbd4\" data-element_type=\"column\">\n\t\t\t<div class=\"elementor-widget-wrap elementor-element-populated\">\n\t\t\t\t\t\t<div class=\"elementor-element elementor-element-feaa2bc elementor-widget elementor-widget-text-editor\" data-id=\"feaa2bc\" data-element_type=\"widget\" data-widget_type=\"text-editor.default\">\n\t\t\t\t<div class=\"elementor-widget-container\">\n\t\t\t\t\t\t\t\t\t<p style=\"text-align: center;\">Aqu\u00ed informaremos de todos los concursos que tendremos a lo largo del a\u00f1o. Las Fechas pueden variar en funci\u00f3n del mal tiempo.\u00a0<span style=\"letter-spacing: 0px;\">Para formar parte del concurso que te gustar\u00eda\u00a0 realizar pincha\u00a0<\/span><a style=\"letter-spacing: 0px;\" href=\"https:\/\/centroecuestrelasdehesillas.com\/formulario-de-concursos\/\" target=\"_blank\" rel=\"noopener\"><strong>aqu\u00ed<\/strong><\/a><span style=\"letter-spacing: 0px;\">.<\/span><\/p>\t\t\t\t\t\t\t\t<\/div>\n\t\t\t\t<\/div>\n\t\t\t\t\t<\/div>\n\t\t<\/div>\n\t\t\t\t\t<\/div>\n\t\t<\/section>\n\t\t\t\t<section class=\"elementor-section elementor-top-section elementor-element elementor-element-02629d3 elementor-section-boxed elementor-section-height-default elementor-section-height-default\" data-id=\"02629d3\" data-element_type=\"section\">\n\t\t\t\t\t\t<div class=\"elementor-container elementor-column-gap-default\">\n\t\t\t\t\t<div class=\"elementor-column elementor-col-100 elementor-top-column elementor-element elementor-element-d3b75ef\" data-id=\"d3b75ef\" data-element_type=\"column\">\n\t\t\t<div class=\"elementor-widget-wrap elementor-element-populated\">\n\t\t\t\t\t\t<div class=\"elementor-element elementor-element-a5664fe elementor-grid-3 elementor-grid-tablet-2 elementor-grid-mobile-1 elementor-posts--thumbnail-top elementor-widget elementor-widget-posts\" data-id=\"a5664fe\" data-element_type=\"widget\" data-settings=\"{&quot;classic_columns&quot;:&quot;3&quot;,&quot;classic_columns_tablet&quot;:&quot;2&quot;,&quot;classic_columns_mobile&quot;:&quot;1&quot;,&quot;classic_row_gap&quot;:{&quot;unit&quot;:&quot;px&quot;,&quot;size&quot;:35,&quot;sizes&quot;:[]},&quot;classic_row_gap_tablet&quot;:{&quot;unit&quot;:&quot;px&quot;,&quot;size&quot;:&quot;&quot;,&quot;sizes&quot;:[]},&quot;classic_row_gap_mobile&quot;:{&quot;unit&quot;:&quot;px&quot;,&quot;size&quot;:&quot;&quot;,&quot;sizes&quot;:[]}}\" data-widget_type=\"posts.classic\">\n\t\t\t\t<div class=\"elementor-widget-container\">\n\t\t\t\t\t\t\t<div class=\"elementor-posts-container elementor-posts elementor-posts--skin-classic elementor-grid\">\n\t\t\t\t<article class=\"elementor-post elementor-grid-item post-4431 post type-post status-publish format-standard has-post-thumbnail hentry category-competicion category-uncategorized\">\n\t\t\t\t<a class=\"elementor-post__thumbnail__link\" href=\"https:\/\/centroecuestrelasdehesillas.com\/index.php\/2024\/03\/26\/resultados-cdt-el-cachito-23-04-24\/\" >\n\t\t\t<div class=\"elementor-post__thumbnail\"><img fetchpriority=\"high\" decoding=\"async\" width=\"300\" height=\"225\" src=\"https:\/\/centroecuestrelasdehesillas.com\/wp-content\/uploads\/2024\/03\/WhatsApp-Image-2024-03-23-at-21.04.49-7-300x225.jpeg\" class=\"attachment-medium size-medium wp-image-4436\" alt=\"\" srcset=\"https:\/\/centroecuestrelasdehesillas.com\/wp-content\/uploads\/2024\/03\/WhatsApp-Image-2024-03-23-at-21.04.49-7-300x225.jpeg 300w, https:\/\/centroecuestrelasdehesillas.com\/wp-content\/uploads\/2024\/03\/WhatsApp-Image-2024-03-23-at-21.04.49-7-1024x768.jpeg 1024w, https:\/\/centroecuestrelasdehesillas.com\/wp-content\/uploads\/2024\/03\/WhatsApp-Image-2024-03-23-at-21.04.49-7-768x576.jpeg 768w, https:\/\/centroecuestrelasdehesillas.com\/wp-content\/uploads\/2024\/03\/WhatsApp-Image-2024-03-23-at-21.04.49-7-1536x1152.jpeg 1536w, https:\/\/centroecuestrelasdehesillas.com\/wp-content\/uploads\/2024\/03\/WhatsApp-Image-2024-03-23-at-21.04.49-7-195x146.jpeg 195w, https:\/\/centroecuestrelasdehesillas.com\/wp-content\/uploads\/2024\/03\/WhatsApp-Image-2024-03-23-at-21.04.49-7-50x38.jpeg 50w, https:\/\/centroecuestrelasdehesillas.com\/wp-content\/uploads\/2024\/03\/WhatsApp-Image-2024-03-23-at-21.04.49-7-100x75.jpeg 100w, https:\/\/centroecuestrelasdehesillas.com\/wp-content\/uploads\/2024\/03\/WhatsApp-Image-2024-03-23-at-21.04.49-7-960x720.jpeg 960w, https:\/\/centroecuestrelasdehesillas.com\/wp-content\/uploads\/2024\/03\/WhatsApp-Image-2024-03-23-at-21.04.49-7-480x360.jpeg 480w, https:\/\/centroecuestrelasdehesillas.com\/wp-content\/uploads\/2024\/03\/WhatsApp-Image-2024-03-23-at-21.04.49-7-1320x990.jpeg 1320w, https:\/\/centroecuestrelasdehesillas.com\/wp-content\/uploads\/2024\/03\/WhatsApp-Image-2024-03-23-at-21.04.49-7-800x600.jpeg 800w, https:\/\/centroecuestrelasdehesillas.com\/wp-content\/uploads\/2024\/03\/WhatsApp-Image-2024-03-23-at-21.04.49-7.jpeg 1600w\" sizes=\"(max-width:767px) 300px, 300px\" \/><\/div>\n\t\t<\/a>\n\t\t\t\t<div class=\"elementor-post__text\">\n\t\t\t\t<h3 class=\"elementor-post__title\">\n\t\t\t<a href=\"https:\/\/centroecuestrelasdehesillas.com\/index.php\/2024\/03\/26\/resultados-cdt-el-cachito-23-04-24\/\" >\n\t\t\t\tRESULTADOS CDT EL CACHITO 23.04.24\t\t\t<\/a>\n\t\t<\/h3>\n\t\t\t\t<div class=\"elementor-post__meta-data\">\n\t\t\t\t\t<span class=\"elementor-post-date\">\n\t\t\tmarzo 26, 2024\t\t<\/span>\n\t\t\t\t<\/div>\n\t\t\t\t<div class=\"elementor-post__excerpt\">\n\t\t\t<p>El pasado s\u00e1bado 23 de marzo, asistimos al segundo concurso territorial de la temporada 2024, fuimos con la cantera que pisa fuerte, lo importante no es<\/p>\n\t\t<\/div>\n\t\t\n\t\t<a class=\"elementor-post__read-more\" href=\"https:\/\/centroecuestrelasdehesillas.com\/index.php\/2024\/03\/26\/resultados-cdt-el-cachito-23-04-24\/\" aria-label=\"Read more about RESULTADOS CDT EL CACHITO 23.04.24\" >\n\t\t\tLeer M\u00e1s \u00bb\t\t<\/a>\n\n\t\t\t\t<\/div>\n\t\t\t\t<\/article>\n\t\t\t\t<article class=\"elementor-post elementor-grid-item post-4392 post type-post status-publish format-standard has-post-thumbnail hentry category-competicion\">\n\t\t\t\t<a class=\"elementor-post__thumbnail__link\" href=\"https:\/\/centroecuestrelasdehesillas.com\/index.php\/2024\/03\/02\/cdt-las-dehesillas-24-02-24\/\" >\n\t\t\t<div class=\"elementor-post__thumbnail\"><img decoding=\"async\" width=\"240\" height=\"300\" data-src=\"https:\/\/centroecuestrelasdehesillas.com\/wp-content\/uploads\/2024\/02\/boceto-CDT-las-dehesillas-24.02.24-240x300.png\" class=\"attachment-medium size-medium wp-image-4358 lazyload\" alt=\"\" data-srcset=\"https:\/\/centroecuestrelasdehesillas.com\/wp-content\/uploads\/2024\/02\/boceto-CDT-las-dehesillas-24.02.24-240x300.png 240w, https:\/\/centroecuestrelasdehesillas.com\/wp-content\/uploads\/2024\/02\/boceto-CDT-las-dehesillas-24.02.24-819x1024.png 819w, https:\/\/centroecuestrelasdehesillas.com\/wp-content\/uploads\/2024\/02\/boceto-CDT-las-dehesillas-24.02.24-768x960.png 768w, https:\/\/centroecuestrelasdehesillas.com\/wp-content\/uploads\/2024\/02\/boceto-CDT-las-dehesillas-24.02.24-117x146.png 117w, https:\/\/centroecuestrelasdehesillas.com\/wp-content\/uploads\/2024\/02\/boceto-CDT-las-dehesillas-24.02.24-40x50.png 40w, https:\/\/centroecuestrelasdehesillas.com\/wp-content\/uploads\/2024\/02\/boceto-CDT-las-dehesillas-24.02.24-60x75.png 60w, https:\/\/centroecuestrelasdehesillas.com\/wp-content\/uploads\/2024\/02\/boceto-CDT-las-dehesillas-24.02.24-480x600.png 480w, https:\/\/centroecuestrelasdehesillas.com\/wp-content\/uploads\/2024\/02\/boceto-CDT-las-dehesillas-24.02.24-800x1000.png 800w, https:\/\/centroecuestrelasdehesillas.com\/wp-content\/uploads\/2024\/02\/boceto-CDT-las-dehesillas-24.02.24.png 1080w\" data-sizes=\"(max-width:767px) 240px, 240px\" src=\"data:image\/svg+xml;base64,PHN2ZyB3aWR0aD0iMSIgaGVpZ2h0PSIxIiB4bWxucz0iaHR0cDovL3d3dy53My5vcmcvMjAwMC9zdmciPjwvc3ZnPg==\" style=\"--smush-placeholder-width: 240px; --smush-placeholder-aspect-ratio: 240\/300;\" \/><\/div>\n\t\t<\/a>\n\t\t\t\t<div class=\"elementor-post__text\">\n\t\t\t\t<h3 class=\"elementor-post__title\">\n\t\t\t<a href=\"https:\/\/centroecuestrelasdehesillas.com\/index.php\/2024\/03\/02\/cdt-las-dehesillas-24-02-24\/\" >\n\t\t\t\tCDT LAS DEHESILLAS 24.02.24\t\t\t<\/a>\n\t\t<\/h3>\n\t\t\t\t<div class=\"elementor-post__meta-data\">\n\t\t\t\t\t<span class=\"elementor-post-date\">\n\t\t\tmarzo 2, 2024\t\t<\/span>\n\t\t\t\t<\/div>\n\t\t\t\t<div class=\"elementor-post__excerpt\">\n\t\t\t<p>El pasado s\u00e1bado 24 de febrero se celebr\u00f3 en Centro Ecuestre Las Dehesillas el primer Concurso Territorial de Doma Cl\u00e1sica de la temporada 2024. El concurso<\/p>\n\t\t<\/div>\n\t\t\n\t\t<a class=\"elementor-post__read-more\" href=\"https:\/\/centroecuestrelasdehesillas.com\/index.php\/2024\/03\/02\/cdt-las-dehesillas-24-02-24\/\" aria-label=\"Read more about CDT LAS DEHESILLAS 24.02.24\" >\n\t\t\tLeer M\u00e1s \u00bb\t\t<\/a>\n\n\t\t\t\t<\/div>\n\t\t\t\t<\/article>\n\t\t\t\t<article class=\"elementor-post elementor-grid-item post-4185 post type-post status-publish format-standard has-post-thumbnail hentry category-competicion\">\n\t\t\t\t<a class=\"elementor-post__thumbnail__link\" href=\"https:\/\/centroecuestrelasdehesillas.com\/index.php\/2023\/06\/02\/cvt-doma-vaquera-copa-ancce-copa-federacion\/\" >\n\t\t\t<div class=\"elementor-post__thumbnail\"><img decoding=\"async\" width=\"240\" height=\"300\" data-src=\"https:\/\/centroecuestrelasdehesillas.com\/wp-content\/uploads\/2023\/06\/CVT-Doma-Vaquera-240x300.jpeg\" class=\"attachment-medium size-medium wp-image-4186 lazyload\" alt=\"\" data-srcset=\"https:\/\/centroecuestrelasdehesillas.com\/wp-content\/uploads\/2023\/06\/CVT-Doma-Vaquera-240x300.jpeg 240w, https:\/\/centroecuestrelasdehesillas.com\/wp-content\/uploads\/2023\/06\/CVT-Doma-Vaquera-819x1024.jpeg 819w, https:\/\/centroecuestrelasdehesillas.com\/wp-content\/uploads\/2023\/06\/CVT-Doma-Vaquera-768x960.jpeg 768w, https:\/\/centroecuestrelasdehesillas.com\/wp-content\/uploads\/2023\/06\/CVT-Doma-Vaquera-117x146.jpeg 117w, https:\/\/centroecuestrelasdehesillas.com\/wp-content\/uploads\/2023\/06\/CVT-Doma-Vaquera-40x50.jpeg 40w, https:\/\/centroecuestrelasdehesillas.com\/wp-content\/uploads\/2023\/06\/CVT-Doma-Vaquera-60x75.jpeg 60w, https:\/\/centroecuestrelasdehesillas.com\/wp-content\/uploads\/2023\/06\/CVT-Doma-Vaquera-480x600.jpeg 480w, https:\/\/centroecuestrelasdehesillas.com\/wp-content\/uploads\/2023\/06\/CVT-Doma-Vaquera-800x1000.jpeg 800w, https:\/\/centroecuestrelasdehesillas.com\/wp-content\/uploads\/2023\/06\/CVT-Doma-Vaquera.jpeg 1080w\" data-sizes=\"(max-width:767px) 240px, 240px\" src=\"data:image\/svg+xml;base64,PHN2ZyB3aWR0aD0iMSIgaGVpZ2h0PSIxIiB4bWxucz0iaHR0cDovL3d3dy53My5vcmcvMjAwMC9zdmciPjwvc3ZnPg==\" style=\"--smush-placeholder-width: 240px; --smush-placeholder-aspect-ratio: 240\/300;\" \/><\/div>\n\t\t<\/a>\n\t\t\t\t<div class=\"elementor-post__text\">\n\t\t\t\t<h3 class=\"elementor-post__title\">\n\t\t\t<a href=\"https:\/\/centroecuestrelasdehesillas.com\/index.php\/2023\/06\/02\/cvt-doma-vaquera-copa-ancce-copa-federacion\/\" >\n\t\t\t\tCVT Doma Vaquera: Copa ANCCE &#8211; Copa Federaci\u00f3n\t\t\t<\/a>\n\t\t<\/h3>\n\t\t\t\t<div class=\"elementor-post__meta-data\">\n\t\t\t\t\t<span class=\"elementor-post-date\">\n\t\t\tjunio 2, 2023\t\t<\/span>\n\t\t\t\t<\/div>\n\t\t\t\t<div class=\"elementor-post__excerpt\">\n\t\t\t\t\t<\/div>\n\t\t\n\t\t<a class=\"elementor-post__read-more\" href=\"https:\/\/centroecuestrelasdehesillas.com\/index.php\/2023\/06\/02\/cvt-doma-vaquera-copa-ancce-copa-federacion\/\" aria-label=\"Read more about CVT Doma Vaquera: Copa ANCCE &#8211; Copa Federaci\u00f3n\" >\n\t\t\tLeer M\u00e1s \u00bb\t\t<\/a>\n\n\t\t\t\t<\/div>\n\t\t\t\t<\/article>\n\t\t\t\t<article class=\"elementor-post elementor-grid-item post-4116 post type-post status-publish format-standard has-post-thumbnail hentry category-competicion\">\n\t\t\t\t<a class=\"elementor-post__thumbnail__link\" href=\"https:\/\/centroecuestrelasdehesillas.com\/index.php\/2023\/05\/30\/cvt-doma-vaquera-marzo-2023\/\" >\n\t\t\t<div class=\"elementor-post__thumbnail\"><img decoding=\"async\" width=\"212\" height=\"300\" data-src=\"https:\/\/centroecuestrelasdehesillas.com\/wp-content\/uploads\/2023\/05\/competicion-marzo-2-212x300.jpeg\" class=\"attachment-medium size-medium wp-image-4117 lazyload\" alt=\"\" data-srcset=\"https:\/\/centroecuestrelasdehesillas.com\/wp-content\/uploads\/2023\/05\/competicion-marzo-2-212x300.jpeg 212w, https:\/\/centroecuestrelasdehesillas.com\/wp-content\/uploads\/2023\/05\/competicion-marzo-2-103x146.jpeg 103w, https:\/\/centroecuestrelasdehesillas.com\/wp-content\/uploads\/2023\/05\/competicion-marzo-2-35x50.jpeg 35w, https:\/\/centroecuestrelasdehesillas.com\/wp-content\/uploads\/2023\/05\/competicion-marzo-2-53x75.jpeg 53w, https:\/\/centroecuestrelasdehesillas.com\/wp-content\/uploads\/2023\/05\/competicion-marzo-2-480x679.jpeg 480w, https:\/\/centroecuestrelasdehesillas.com\/wp-content\/uploads\/2023\/05\/competicion-marzo-2.jpeg 724w\" data-sizes=\"(max-width:767px) 212px, 212px\" src=\"data:image\/svg+xml;base64,PHN2ZyB3aWR0aD0iMSIgaGVpZ2h0PSIxIiB4bWxucz0iaHR0cDovL3d3dy53My5vcmcvMjAwMC9zdmciPjwvc3ZnPg==\" style=\"--smush-placeholder-width: 212px; --smush-placeholder-aspect-ratio: 212\/300;\" \/><\/div>\n\t\t<\/a>\n\t\t\t\t<div class=\"elementor-post__text\">\n\t\t\t\t<h3 class=\"elementor-post__title\">\n\t\t\t<a href=\"https:\/\/centroecuestrelasdehesillas.com\/index.php\/2023\/05\/30\/cvt-doma-vaquera-marzo-2023\/\" >\n\t\t\t\tCVT Doma Vaquera &#8211; Marzo 2023\t\t\t<\/a>\n\t\t<\/h3>\n\t\t\t\t<div class=\"elementor-post__meta-data\">\n\t\t\t\t\t<span class=\"elementor-post-date\">\n\t\t\tmayo 30, 2023\t\t<\/span>\n\t\t\t\t<\/div>\n\t\t\t\t<div class=\"elementor-post__excerpt\">\n\t\t\t\t\t<\/div>\n\t\t\n\t\t<a class=\"elementor-post__read-more\" href=\"https:\/\/centroecuestrelasdehesillas.com\/index.php\/2023\/05\/30\/cvt-doma-vaquera-marzo-2023\/\" aria-label=\"Read more about CVT Doma Vaquera &#8211; Marzo 2023\" >\n\t\t\tLeer M\u00e1s \u00bb\t\t<\/a>\n\n\t\t\t\t<\/div>\n\t\t\t\t<\/article>\n\t\t\t\t<\/div>\n\t\t\n\t\t\t\t\t\t<\/div>\n\t\t\t\t<\/div>\n\t\t\t\t\t<\/div>\n\t\t<\/div>\n\t\t\t\t\t<\/div>\n\t\t<\/section>\n\t\t\t\t<\/div>\n\t\t","protected":false},"excerpt":{"rendered":"<p>Conoce los \u00faltimas noticias sobre concursos y competiciones Aqu\u00ed informaremos de todos los concursos que tendremos a lo largo del a\u00f1o. Las Fechas pueden variar en<span class=\"excerpt-hellip\"> [\u2026]<\/span><\/p>\n","protected":false},"author":1,"featured_media":0,"parent":135,"menu_order":0,"comment_status":"closed","ping_status":"closed","template":"","meta":{"_monsterinsights_skip_tracking":false,"_monsterinsights_sitenote_active":false,"_monsterinsights_sitenote_note":"","_monsterinsights_sitenote_category":0,"footnotes":""},"class_list":["post-140","page","type-page","status-publish","hentry"],"_links":{"self":[{"href":"https:\/\/centroecuestrelasdehesillas.com\/index.php\/wp-json\/wp\/v2\/pages\/140","targetHints":{"allow":["GET"]}}],"collection":[{"href":"https:\/\/centroecuestrelasdehesillas.com\/index.php\/wp-json\/wp\/v2\/pages"}],"about":[{"href":"https:\/\/centroecuestrelasdehesillas.com\/index.php\/wp-json\/wp\/v2\/types\/page"}],"author":[{"embeddable":true,"href":"https:\/\/centroecuestrelasdehesillas.com\/index.php\/wp-json\/wp\/v2\/users\/1"}],"replies":[{"embeddable":true,"href":"https:\/\/centroecuestrelasdehesillas.com\/index.php\/wp-json\/wp\/v2\/comments?post=140"}],"version-history":[{"count":13,"href":"https:\/\/centroecuestrelasdehesillas.com\/index.php\/wp-json\/wp\/v2\/pages\/140\/revisions"}],"predecessor-version":[{"id":4109,"href":"https:\/\/centroecuestrelasdehesillas.com\/index.php\/wp-json\/wp\/v2\/pages\/140\/revisions\/4109"}],"up":[{"embeddable":true,"href":"https:\/\/centroecuestrelasdehesillas.com\/index.php\/wp-json\/wp\/v2\/pages\/135"}],"wp:attachment":[{"href":"https:\/\/centroecuestrelasdehesillas.com\/index.php\/wp-json\/wp\/v2\/media?parent=140"}],"curies":[{"name":"wp","href":"https:\/\/api.w.org\/{rel}","templated":true}]}}